123. Determine i(-7).
-456
Let p(h) = h**3 - 432*h**2 + 3018*h - 18273. Determine p(425).
2
Let j(x) = 2*x**2 + 1961*x + 11686. Determine j(-6).
-8
Let y(w) = w**3 + 197*w**2 - 82*w + 62886. Determine y(-199).
2
Let x(u) = -2*u**3 + 831*u**2 + 425*u - 3738. What is x(416)?
6
Let h(v) = 2*v**3 + 6*v**2 - 15*v - 39. Determine h(-6).
-165
Let k(f) = f**3 + 257*f**2 - 1571*f + 22. Calculate k(6).
64
Let c(w) = 2*w**2 - 73*w + 991. Calculate c(8).
535
Let v(g) = 116*g**2 + 857*g + 232. What is v(-7)?
-83
Let f(d) = -d**3 + 320*d**2 - 499*d + 57422. Give f(319).
2
Let z(g) = -154*g + 15592. Calculate z(101).
38
Let i(x) = 26*x**3 + 161*x**2 - 1165*x - 7173. Give i(-6).
-3
Let x(i) = 2*i**3 - 2090*i**2 - 82311*i - 104. Give x(-38).
10
Let b(i) = -24*i**2 + 983*i + 195. Calculate b(41).
154
Let r(o) = 4042*o - 80659. Give r(20).
181
Let m(g) = 95432*g - 381732. What is m(4)?
-4
Let m(d) = -10*d**2 - 648*d - 10420. What is m(-30)?
20
Let p(n) = 36813*n - 3423608. Determine p(93).
1
Let r(x) = x**3 + 37*x**2 - 65*x - 1526. Calculate r(-37).
879
Let s(t) = 2347*t + 247602. Give s(-106).
-1180
Let y(n) = -521*n**2 + 17703*n + 271. Give y(34).
-103
Let j(r) = -r**2 + 3043*r - 137864. Give j(46).
-2
Let i(w) = 37*w**2 - 75*w - 262. Calculate i(-6).
1520
Let f(m) = 5*m**2 + 239*m + 1432. What is f(-41)?
38
Let g(b) = 1165*b**2 + 55922*b + 95. What is g(-48)?
-1
Let g(r) = 16*r + 127. Determine g(-14).
-97
Let m(l) = -194*l**2 + 8132*l + 695. Determine m(42).
23
Let w(v) = -577*v - 402330. Give w(-697).
-161
Let z(d) = d**2 - 8757*d - 805166. What is z(-91)?
2
Let p(q) = 12*q**2 - 368*q - 7050. Calculate p(44).
-10
Let c(p) = -2*p**3 - 107*p**2 + 45*p + 5061. Calculate c(-53).
-133
Let n(w) = 13*w**3 - 15*w**2 - 57*w - 64. What is n(-5)?
-1779
Let g(i) = i**3 + 76*i**2 - 3332*i - 1507. Calculate g(-107).
98
Let o(w) = 3*w**2 - 3220*w + 840619. Calculate o(625).
-6
Let h(u) = -u**3 - 192*u**2 + 385*u - 563. Give h(-194).
19
Let i(s) = -9449*s - 37777. What is i(-4)?
19
Let y(f) = -149*f**2 - 10659*f - 10634. Give y(-1).
-124
Let f(x) = 7*x**3 - 187*x**2 - 998*x + 64. Give f(-5).
-496
Let x(o) = 3*o**3 - 20*o**2 + 2160*o + 2182. What is x(-1)?
-1
Let h(q) = 41*q**2 + 2376*q + 4596. Give h(-2).
8
Let v(b) = -b**2 - 593*b + 5953. What is v(10)?
-77
Let k(h) = -6*h**2 + 183*h - 227. Calculate k(41).
-2810
Let i(m) = m**2 - 2311289*m + 16178971. Determine i(7).
-3
Let l(p) = -1396*p + 735830. Give l(527).
138
Let h(z) = 2*z**3 - 2846*z**2 + 31080*z - 144. Give h(11).
32
Let q(a) = -4861*a - 719403. Give q(-148).
25
Let h(u) = -106*u**2 + 374*u + 211. Determine h(4).
11
Let v(p) = -13294*p - 119901. What is v(-9)?
-255
Let w(y) = 566*y**2 - 2*y - 354. Determine w(0).
-354
Let u(b) = 30*b**3 - 71*b**2 - 10*b + 22. Determine u(4).
766
Let q(i) = -2574*i - 64449. Determine q(-25).
-99
Let l(s) = 2*s**3 - s**2 + 144*s - 978. Determine l(5).
-33
Let j(h) = 5283*h - 16086. Calculate j(3).
-237
Let v(h) = -3*h**3 + 2003*h**2 + 5980*h - 66. Give v(-3).
102
Let r(d) = -6897*d - 3772657. What is r(-547)?
2
Let b(a) = -a**3 + 49*a**2 + 2168*a - 168. What is b(77)?
756
Let t(f) = 14*f**2 + 272*f - 23709. Determine t(-52).
3
Let m(c) = -2*c**3 - 171*c**2 + 130*c + 586. Calculate m(-86).
-3198
Let f(o) = -2278*o - 79744. What is f(-35)?
-14
Let r(h) = -h**2 - 19630*h - 1135197. Calculate r(-58).
-21
Let r(q) = 95*q**3 + 17*q**2 + 6*q - 12. Calculate r(3).
2724
Let q(f) = f**2 - 74426*f - 446599. Calculate q(-6).
-7
Let a(g) = 5*g**2 + 955*g + 16545. Give a(-172).
205
Let w(s) = -58*s**3 - 10*s**2 - 7*s + 13. Determine w(3).
-1664
Let t(b) = 17*b**2 - 289*b + 1970. Calculate t(7).
780
Let d(g) = -g**2 - 68942*g + 2000157. Determine d(29).
-2
Let y(x) = x**2 - 112*x + 2524. What is y(41)?
-387
Let d(v) = v**3 + 74*v**2 - 139*v - 4801. Calculate d(-75).
-1
Let v(x) = -5*x**3 - 34*x**2 + 450*x + 992. Give v(-2).
-4
Let f(r) = 8*r**2 - 2984*r - 15061. What is f(378)?
59
Let n(r) = 60*r**3 - 421*r**2 + 12*r + 20. Calculate n(7).
55
Let d(n) = -n**3 + 33*n**2 - 38*n - 1526. Calculate d(30).
34
Let u(k) = 13*k**3 - 432*k**2 + 106*k - 185. Determine u(33).
46
Let w(v) = 7026*v + 5185198. What is w(-738)?
10
Let d(t) = -85*t**2 - 30092*t - 675. Give d(-354).
33
Let o(l) = -19*l**3 - 17*l**2 + 102*l - 180. Give o(3).
-540
Let y(k) = -k**2 - 258*k - 12668. Give y(-193).
-123
Let a(l) = 27*l**2 - 177*l + 25. What is a(7)?
109
Let j(g) = -2*g**3 + 342*g**2 - 3815*g - 205. Determine j(159).
-46
Let o(w) = -4*w**3 + 156*w**2 - 764*w - 167. Determine o(6).
1
Let w(d) = 2*d**2 + 452670*d + 7242205. What is w(-16)?
-3
Let p(z) = -13*z**2 - 210*z + 85. Calculate p(0).
85
Let v(t) = -6*t**2 - 599*t - 2201. Give v(-96).
7
Let m(g) = -1884*g - 13278. Give m(-7).
-90
Let w(n) = -n**3 + n**2 - 20*n + 2. Determine w(-6).
374
Let i(r) = 4570924*r + 36567395. Calculate i(-8).
3
Let r(j) = -j**2 - 4469*j - 17853. Give r(-4).
7
Let k(c) = 1078*c - 56051. Give k(52).
5
Let x(r) = -14968*r + 972919. Give x(65).
-1
Let h(q) = -q**3 - 101*q**2 - 498*q + 1599. Determine h(-96).
3327
Let x(o) = -5*o**2 + 609*o + 1218. Give x(-2).
-20
Let j(w) = 179*w**2 + 4443*w + 1. Determine j(-25).
801
Let t(a) = -29*a**3 - 199*a**2 + 62*a + 10. Calculate t(-7).
-228
Let k(c) = c**3 - 144*c**2 - 2391*c + 42. What is k(159)?
-912
Let d(z) = -1057515*z + 5287576. Give d(5).
1
Let l(g) = 3*g**3 + 49*g**2 + 19*g - 48. Determine l(-15).
567
Let z(k) = -7*k**2 - 4167*k - 20861. What is z(-5)?
-201
Let o(b) = -2*b**2 + 7996*b + 298594. Calculate o(-37).
4
Let c(d) = -3*d**3 + 4*d**2 + 54*d + 141. What is c(-4)?
181
Let x(g) = -2*g**3 - 6*g**2 + 184*g - 81. Determine x(11).
-1445
Let u(z) = 159*z - 6219. Calculate u(39).
-18
Let d(o) = 78942*o - 631544. Give d(8).
-8
Let q(h) = 934*h**2 - 1825*h - 6. Give q(3).
2925
Let s(a) = 25651*a + 7977456. Give s(-311).
-5
Let o(a) = 398*a**2 - 1792*a + 1780. Determine o(3).
-14
Let v(u) = 3850*u - 96602. Give v(26).
3498
Let r(w) = -3*w**2 - 539*w + 16904. What is r(27)?
164
Let r(c) = 5652*c - 1526001. What is r(270)?
39
Let m(f) = -2411*f + 48055. Determine m(20).
-165
Let p(d) = -2319*d - 681773. Determine p(-294).
13
Let b(g) = -918*g**2 - 7300*g + 354. What is b(-8)?
2
Let v(i) = 2144*i - 40782. Calculate v(19).
-46
Let s(c) = 5*c**3 - 717*c**2 + 284*c + 310. Determine s(143).
24
Let o(i) = -i**2 + 18672*i + 1330760. What is o(-71)?
7
Let a(r) = 366*r + 47861. Give a(-131).
-85
Let m(y) = -y**2 + 99*y + 1856. What is m(-14)?
274
Let w(y) = -y**3 + 21*y**2 + 5783*y - 18284. Determine w(-68).
8
Let o(k) = 2726*k + 695128. Determine o(-255).
-2
Let t(c) = c**2 + 1454*c + 28708. Calculate t(-20).
28
Let c(j) = -19*j**2 - 1544*j - 7750. Calculate c(-5).
-505
Let m(k) = 3428*k - 952982. Give m(278).
2
Let s(b) = -25*b**3 + 27*b**2 + 71*b - 42. Determine s(2).
8
Let a(w) = -2*w**3 - 2186*w**2 - 625*w - 683100. Determine a(-1093).
25
Let i(p) = -1627*p - 7369. Determine i(-5).
766
Let c(q) = -2*q**3 + 23*q**2 + 56*q + 281. What is c(14)?
85
Let f(j) = -187*j - 33549. What is f(-170)?
-1759
Let t(d) = 8127*d + 203138. Determine t(-25).
-37
Let j(i) = -389*i**2 - 772*i + 9. Calculate j(-3).
-1176
Let w(r) = -2509*r + 193074. Determine w(77).
-119
Let z(k) = -65*k**2 - 48*k - 115. Determine z(0).
-115
Let s(p) = -6*p**2 - 385*p + 365. What is s(-65)?
40
Let m(p) = -301*p + 3565. Determine m(12).
-47
Let v(m) = 2*m**3 + 3*m**2 - 87*m - 7. Determine v(5).
-117
Let r(o) = o**3 - 540*o**2 + 1084*o - 4310. What is r(538)?
-6
Let c(j) = 667*j**3 - 4*j**2 + 7*j - 3. Calculate c(1).
667
Let m(v) = -v**3 + 646*v**2 - 12592*v + 45078. Give m(626).
6
Let r(o) = -o**3 + 41*o**2 + 321*o + 724. Determine r(48).
4
Let l(g) = -57*g**3 + 2218*g**2 + 2215*g - 3. Determine l(-1).
57
Let g(h) = -h**2 + 14624*h + 512828. What is g(-35)?
-237
Let g(v) = -2*v**2 - 1827*v + 20379. What is g(11)?
40
Let o(n) = 6*n**3 - 1015*n**2 + 38368*n - 407. Give o(57).
-8
Let c(w) = w**2 + 7834*w + 54815. Give c(-7).
26
Let z(h) = 388*h**2 - 52*h + 103. Give z(2).
1551
Let m(d) = 43671*d + 1615835. Calculate m(-37).
8
Let b(s) = -3*s**3 - 60*s**2 + 216*s + 4332. Give b(-20).
12
Let w(t) = 15*t**3 + 6*t**2 + 60*t - 200. What is w(3)?
439
Let r(a) = -413*a + 187493. Calculate r(454).
-9
Let k(v) = -51*v + 10290. Calculate k(202).
-12
L